ainder when f is divided by 21?
18
Let y be 15/6*-2*1. Let t(a) = -166*a - 6127. What is the remainder when ((-57)/(-5))/((-1)/y) is divided by t(-37)?
12
Let a = -42 - -92. Let x = a + 14. What is the remainder when x is divided by 17?
13
Let t(g) be the third derivative of -13*g**4/24 + 5*g**3/3 + 72*g**2. Let l be -1*(-2)/(-3)*3. What is the remainder when 105 is divided by t(l)?
33
Suppose -1 - 11 = 2*l. Let w(y) = 2*y + 11. Let b be w(l). Let p(s) = -27*s**3 + s**2. Calculate the remainder when p(b) is divided by 6.
4
Let t be -1 - (-54)/10 - 20/50. Suppose -4*n + 4*a - 236 = 0, t*a = -a + 20. Let z = 104 + n. What is the remainder when z is divided by 25?
24
Let p(v) = -156*v + 51. Let n be p(-5). Let z = n + -786. What is the remainder when 140 is divided by z?
5
Suppose c + 16 = 2*s, s - 2*s - 3 = 0. Let t = 47 + c. What is the remainder when 48 is divided by t?
23
Suppose -10*o - 4 = -12*o. Suppose -4*r - 74 + 300 = 5*p, 5*p - 118 = -o*r. Let h(a) = -11*a - 4. Calculate the remainder when r is divided by h(-3).
25
What is the remainder when 2065 is divided by (-17 - -69)*-5*(-4)/80?
11
Let l = 39 - 40. What is the remainder when ((-11)/33)/(l/369) is divided by 45?
33
Suppose 3*i = -4*f + 7476, 17*f - 13*f - 7456 = 2*i. What is the remainder when f is divided by 170?
166
Suppose 363 = 5*d + 4*r, 0 = 18*d - 19*d + 4*r + 87. What is the remainder when 470 is divided by d?
20
Suppose 77 + 712 = 3*w - s, 2*w + 4*s - 512 = 0. Let h = 164 - w. Let k = 214 + h. What is the remainder when k is divided by 30?
26
Let s(u) = u**2 - 4*u - 9. Let f be (42/(-12) - -4)*-8. Calculate the remainder when 83 is divided by s(f).
14
Let p(c) = 2*c**2 - 3*c - 2. Suppose 27*v - 669 - 7674 = 0. What is the remainder when v is divided by p(-5)?
57
Let b be (-1)/1*(-44 + 2 + 6). Suppose -11*o + b = -272. Calculate the remainder when 90 is divided by o.
6
Let s = -12896 + 12963. What is the remainder when s is divided by 16?
3
Let c(x) = 2*x**3 - 45*x**2 - 11*x - 92. Let t(q) = 7*q**2 + 12*q + 19. Let m be t(-2). Calculate the remainder when c(m) is divided by 21.
16
What is the remainder when 2*((-11)/220*-6)/((-2)/(-4330)) is divided by 85?
24
Suppose 4*t + 2*v + 3845 = 13775, t = 4*v + 2496. Calculate the remainder when t is divided by 828.
0
Let w = 4 - -58. Let z = 2898 - -1118. Suppose 4020*i - 36 = z*i. What is the remainder when w is divided by i?
8
Let r = 32 - 189. Let b = -152 - r. Suppose 0 = -0*j + 4*j - 56. Calculate the remainder when j is divided by b.
4
Let b(c) = 11*c - 2. Calculate the remainder when b(9) is divided by (-5)/(10/(-36)) - (0 + 4).
13
Let s be (-14)/4*4/7*-1. Suppose s*p + 2 = -2, -3*l = 3*p - 135. Calculate the remainder when 91 is divided by l.
44
Let v be (-14)/28 + 6/(-4). Let i(d) be the first derivative of -17*d**4/4 - d**3/3 + d**2/2 - 3*d - 1. What is the remainder when i(v) is divided by 32?
31
Let w(s) = 21*s**2 - s - 2. Calculate the remainder when (-1 - (-13)/6)/(173/73698) is divided by w(-1).
17
Calculate the remainder when ((-255)/(-17) + -16)/((-3)/(-3522)*-2) is divided by 102.
77
Let p(v) = 12*v**2 - 49*v - 697. Calculate the remainder when p(-11) is divided by 24.
22
Suppose 29*v = 24*v, 184 = 4*z + 2*v. What is the remainder when 203 is divided by z?
19
Suppose -5*m + 0*m + 495 = 0. Let g = m - 80. Calculate the remainder when 129 is divided by g.
15
Suppose -7*b + 2 = -950. Calculate the remainder when b is divided by 34.
0
Let w = -752 + 348. Calculate the remainder when 55 is divided by (-11)/(-66) + w/(-24).
4
Suppose -6139*w = -6153*w + 7896. Calculate the remainder when w is divided by 115.
104
Let h(d) = 15*d**2 + 4*d - 3. Let t = -251 + 373. Let w = -99 + t. Calculate the remainder when h(2) is divided by w.
19
Let b = 31663 - 31639. Suppose -5 = -4*l + 3. Suppose -l*f + 24 = -156. Calculate the remainder when f is divided by b.
18
Let g(s) = -408*s**2 - 4*s + 2. Let z(u) = -204*u**2 - 2*u + 1. Let d(a) = 2*g(a) - 5*z(a). What is the remainder when d(1) is divided by 26?
23
Let o(f) = 367*f + 1177. Calculate the remainder when o(-3) is divided by 11.
10
Suppose -4*s = y - 159, -7*y + 4*s + 1629 - 356 = 0. Calculate the remainder when 1315 is divided by y.
62
Let b(o) = -4*o + 310. Suppose 0 = w + 2 - 4. Suppose -4*r + w*v + 73 = 3*v, -2*v = r - 27. What is the remainder when r is divided by b(76)?
5
Let h = 20 - 20. Suppose -p + h = -5. Calculate the remainder when ((-22)/(-4))/(12/24) is divided by p.
1
Suppose 113*k - 319085 - 233958 + 211444 = 0. What is the remainder when k is divided by 11?
9
Suppose -4*b + 261 = 5*l, 4*b + 0*l = 3*l + 221. Let x(u) = -11 + 7 + 9*u + 9 + u**2. Calculate the remainder when b is divided by x(-9).
4
Let l(r) = 22*r - 312. Let b be l(32). Suppose 37*a - 385 = b. Calculate the remainder when a is divided by 12.
9
Let b be 15/25 + (-88)/(-20). Suppose 4*i + r = 8*i - 98, 0 = 4*i + b*r - 110. What is the remainder when 98 is divided by i?
23
What is the remainder when 700 is divided by (33 - 34) + 80/4?
16
Suppose -276 = -q - 5*m, 0 = -3*q + 562*m - 567*m + 828. Calculate the remainder when q is divided by 21.
3
Let h = -221 + 248. Suppose 4*u - 384 = -0*f + 4*f, 0 = u - 3*f - 106. Calculate the remainder when u is divided by h.
10
Suppose -4 = -8*c + 44. Let j(i) = i**2 - 33. What is the remainder when 21 is divided by j(c)?
0
Let k = -9 - 7. Let i be k/(-3)*(-102)/(-8). Let z = i - 46. What is the remainder when z is divided by 4?
2
Suppose 3*i + 318 = 6*i + b, 2*i + b - 211 = 0. Let y = i + -102. Suppose -87 = -y*z + 33. Calculate the remainder when 44 is divided by z.
20
Let w(p) = -10*p - 14 + 16*p + 5*p - 5*p - p**3. Calculate the remainder when 77 is divided by w(-4).
25
Let k(p) = 1018*p + 4135. Calculate the remainder when (-2754)/(-22) + 2/(-11) is divided by k(-4).
62
Suppose 5*j - 444 = 17*n - 21*n, -5*j = -2*n - 468. Calculate the remainder when 1929 is divided by j.
89
Suppose 0 = 16*t - 13*t - 9. Suppose 33 = -i - t. Let o = 49 + i. Calculate the remainder when 64 is divided by o.
12
Let k(v) = -4*v**2 - 320*v - 4628. Let j(m) = m**2 + 2*m + 2. Calculate the remainder when j(-5) is divided by k(-61).
1
Let d(z) = z**3 - 5*z**2 + 18. Calculate the remainder when d(7) is divided by 115.
1
Suppose -k - d = k + 2, 14 = -5*k + 2*d. Calculate the remainder when 1/(10/826) + k/(-5) is divided by 36/(6 + -3)*1.
11
Let r(w) be the second derivative of -w**3/3 - 29*w**2/2 - 6*w - 4. Let z be r(-17). Suppose 29 = z*x - 201. Calculate the remainder when x is divided by 7.
4
Suppose 0 = -3*c + n - 10, 14 = 3*c + n + 4*n. What is the remainder when c/((-384)/660 + 4/22) is divided by 3?
2
Let x(r) = 8*r**2 + 21*r - 216. What is the remainder when 371 is divided by x(-8)?
115
Let k(g) = 71*g + 204. What is the remainder when 509 is divided by k(-1)?
110
Let r(d) = -9*d + 9 + 7*d + 26 - 4*d. What is the remainder when r(-7) is divided by 9?
5
Let v = -10 + -41. Let n = -48 - v. Suppose 3*y + 0 = 3, -n*y - 8 = -j. What is the remainder when 119 is divided by j?
9
Suppose -13*t = 762 - 190. Let c = -84 - t. What is the remainder when 51 is divided by c/(4/(-2))*(-4)/(-10)?
3
Suppose 0 = -3*m - 2*m - 115. Let d = -20 - m. Let s = 18 - d. What is the remainder when 57 is divided by s?
12
Let x(u) = -324*u + 4239. What is the remainder when 2078 is divided by x(13)?
26
Let c be (-70)/(-9) + (-16)/(-72). Suppose 5*y + c*p - 5 = 3*p, -2*y - 3*p = -1. Let n(k) = 74*k - 10. What is the remainder when n(y) is divided by 47?
44
Let f = -10 - -12. Suppose 11 = f*a + 7. Suppose -3*w + 83 = 2*d, 0 = 4*w - 2*d - a*d - 104. Calculate the remainder when w is divided by 14.
13
Suppose -4*l + 37 = -191. Let k = -47 - -125. Suppose -2*j + k = 4*g - 8, -5*j = 4*g - 89. What is the remainder when l is divided by g?
15
Let y = -182 + -42. Let g = -181 - y. What is the remainder when 83 is divided by g?
40
Let v = 6217 - 4836. What is the remainder when v is divided by 66?
61
Suppose 0*w = -5*w + 3*s + 1817, 0 = 6*w - 2*s - 2166. Calculate the remainder when w is divided by 94.
76
Suppose 3*o - 63 = -2*s, 5*o = -s + 3*o + 29. Calculate the remainder when 307 is divided by s.
34
Let g(t) = t**3 + 3*t**2 - 6*t - 4. Let v be g(-4). Suppose 0 = v*w + 2*w + 18. What is the remainder when 126 is